130 + 842122?
841aa2
In base 9, what is 2785 - 1748?
1036
In base 3, what is -111 - -2210001020211?
2210001020100
In base 15, what is 30acd6 - -27?
30ad0d
In base 14, what is -19c97a4c - -1?
-19c97a4b
In base 11, what is -4615 - -37a7?
-919
In base 12, what is -1515b14 - 3?
-1515b17
In base 7, what is 1 + 1266013160?
1266013161
In base 9, what is 1103 - -150084?
151187
In base 3, what is -110 + 1002211202000110?
1002211202000000
In base 11, what is 181537371 - 2?
18153736a
In base 15, what is 2912 + -1cb?
2736
In base 12, what is -13 + 13b475?
13b462
In base 12, what is -1 + -497694?
-497695
In base 2, what is -10101001111101001100111 - 1011?
-10101001111101001110010
In base 3, what is -112200110 + -12022122?
-202000002
In base 9, what is -4615 - -68673?
64057
In base 10, what is -866 + 535013?
534147
In base 4, what is 10 + 20201220010?
20201220020
In base 12, what is -9 - 58674a?
-586757
In base 15, what is -703314 - 15?
-703329
In base 8, what is 221357 + 7147?
230526
In base 12, what is -2213 + 4bb1?
299a
In base 7, what is -46412 - 636133?
-1015545
In base 3, what is 100201200202 - -1121222?
100210022201
In base 6, what is 1 - -554504503?
554504504
In base 3, what is 122 - -21120221021201?
21120221022100
In base 11, what is 16368 - 498?
15980
In base 3, what is 11120101 + 10202200?
22100001
In base 4, what is 1013310 - -132003?
1211313
In base 7, what is -166320216 + -12?
-166320231
In base 3, what is 200001202000012 - -11?
200001202000100
In base 11, what is 9187a + 249?
92018
In base 8, what is -527 - -17175?
16446
In base 12, what is 11152534 + 2?
11152536
In base 8, what is -3225 - -3776701?
3773454
In base 10, what is -89797 + 191?
-89606
In base 6, what is 14234 + 151403?
210041
In base 7, what is 5162360 - -40?
5162430
In base 10, what is -4602702 - 92?
-4602794
In base 8, what is 20657210 + -14?
20657174
In base 8, what is -2 - 3033730?
-3033732
In base 5, what is -22320431 + 10244?
-22310132
In base 5, what is -204101 - -1100214?
341113
In base 15, what is 5 + -c0ec39b?
-c0ec396
In base 8, what is 1 + -352070532?
-352070531
In base 10, what is -673 - 554711?
-555384
In base 10, what is 27986 + 329?
28315
In base 13, what is -46 - 878399?
-878412
In base 7, what is -155435 - 216?
-155654
In base 3, what is -1010 + -10101022012?
-10101100022
In base 11, what is 10395790a6 - -4?
10395790aa
In base 4, what is 232 - -302322110?
302323002
In base 10, what is -20 + -66501?
-66521
In base 13, what is -29c83 + -230?
-2a1b3
In base 11, what is -1080 + 46a8?
3628
In base 9, what is -36630477 + -4?
-36630482
In base 3, what is 1021211 - -110122020?
111221001
In base 2, what is -10011001001101110011 - 10001?
-10011001001110000100
In base 16, what is 2 - -58761e?
587620
In base 10, what is -4251 + 2636?
-1615
In base 10, what is 8389 - 62209?
-53820
In base 9, what is -8037 + 1132?
-6805
In base 2, what is 11 - -110111001011001000?
110111001011001011
In base 5, what is -32031334133 + 13?
-32031334120
In base 9, what is -156 - 666878?
-667145
In base 13, what is 302 - 7c9a11?
-7c970c
In base 10, what is -872246 - 20?
-872266
In base 12, what is 3213b44 - 1a?
3213b26
In base 7, what is 4630456 - 243?
4630213
In base 9, what is -1888177638 + 3?
-1888177635
In base 8, what is 1712 + 5217?
7131
In base 8, what is 6203222 + -10?
6203212
In base 16, what is -54f - ce495?
-ce9e4
In base 3, what is -220010022001 - 1000?
-220010100001
In base 3, what is 202101011 - -10020?
202111101
In base 11, what is -1428 + -5481?
-68a9
In base 10, what is 493041 + 121?
493162
In base 9, what is -2 - 11032658?
-11032661
In base 8, what is -1603571 + 24?
-1603545
In base 2, what is -1101011010000011110 + -1011?
-1101011010000101001
In base 3, what is -122220211101 + 12110?
-122220121221
In base 4, what is -3101210112101 - 23?
-3101210112130
In base 3, what is 2 + -1010102002221000?
-1010102002220221
In base 14, what is -a450718 + 2?
-a450716
In base 10, what is 3 - -58999264?
58999267
In base 3, what is 110211210111100 + -11?
110211210111012
In base 16, what is 41 - -58ee0?
58f21
In base 2, what is -1010 - 11000000001100110?
-11000000001110000
In base 6, what is 11 + 252251304?
252251315
In base 14, what is 711c8 + 911?
71ad9
In base 8, what is 3455271 + 75?
3455366
In base 12, what is 2a + -153708?
-15369a
In base 6, what is -104312 + 230245?
121533
In base 3, what is -10120 - -1010002122022?
1010002111202
In base 6, what is -2403321202 - 3?
-2403321205
In base 14, what is -3b + 18b653?
18b616
In base 4, what is 300233 + -310?
233323
In base 8, what is 4 + -5501001?
-5500775
In base 7, what is 44 + 20112056?
20112133
In base 15, what is 6 + 52b4806?
52b480c
In base 9, what is -5 + 32744373?
32744367
In base 8, what is -20 + 112127754?
112127734
In base 7, what is 265242 - -26?
265301
In base 8, what is 5063 - 2726?
2135
In base 4, what is -122 - 10110230213231?
-10110230220013
In base 7, what is 66220 - 54412?
11505
In base 11, what is -1 - 46a1a76?
-46a1a77
In base 15, what is -1c5e - -17?
-1c47
In base 3, what is 220222110 - 12111?
220202222
In base 9, what is -31856 + -15870?
-47836
In base 6, what is 4005 + 232120?
240125
In base 12, what is b - 1a2a1323?
-1a2a1314
In base 2, what is 1000110011001010111000011110 - 0?
1000110011001010111000011110
In base 3, what is -1 - -121202201012121?
121202201012120
In base 7, what is 42 - -25505026?
25505101
In base 11, what is -55 - -178a52?
1789a8
In base 4, what is 10123320110 - 13?
10123320031
In base 14, what is -20b07 + -430?
-21137
In base 11, what is 23 + 744251a?
7442542
In base 4, what is 11 + -102102000021?
-102102000010
In base 6, what is 3 + 33323050?
33323053
In base 10, what is -86 + -61331?
-61417
In base 9, what is 50218 - 437?
48671
In base 11, what is -121 - -16737?
16616
In base 9, what is -1222717 + -6?
-1222724
In base 2, what is 10100011010110 + 111?
10100011011101
In base 4, what is 222130210 + -223320?
221300230
In base 14, what is b - 6589?
-657c
In base 9, what is -12435 - 1688?
-14234
In base 9, what is -13 + -1327800?
-1327813
In base 16, what is -9e7 + -eb7d?
-f564
In base 16, what is 249 - 5a8?
-35f
In base 8, what is -4371636 - -1072?
-4370544
In base 10, what is 1689784 - 1?
1689783
In base 14, what is bca8 + -78?
bc30
In base 2, what is 110001010010 - 11111111111100001?
-11111001110001111
In base 13, what is 878 + -9296a?
-920c2
In base 2, what is -11110000 + 10111001010001010?
10111000110011010
In base 11, what is -5689414 - 5?
-5689419
In base 7, what is -13 - -434445100?
434445054
In base 16, what is cdaf - c34?
c17b
In base 10, what is 16 + 106643?
106659
In base 3, what is 10210 - -2220001022?
2220012002
In base 7, what is -31201263 + -1?
-31201264
In base 10, what is 4021731 + 2?
4021733
In base 7, what is 414303424 + 13?
414303440
In base 12, what is -31b94 + 69?
-31b27
In base 15, what is -2326 + -2d0?
-2606
In base 13, what is 4 + 1588b200?
1588b204
In base 3, what is -10012 + 11011201022212?
11011201012200
In base 6, what is 21 - -41503311?
41503332
In base 7, what is 205 - -206130?
206335
In base 7, what is -440 - -161402?
160632
In base 15, what is 36b43 - 22e?
36914
In base 12, what is 10232a31 + 0?
10232a31
In base 2, what is 111101000001 - 10011101001100?
-1100000001011
In base 2, what is 101110111101101001100001010 + 11?
101110111101101001100001101
In base 10, what is -17263281 + -4?
-17263285
In base 14, what is 4b8 - cc29?
-c751
In base 2, what is -110110110110 + -10101011001101?
-11100010000011
In base 12, what is -88b35 + -6?
-88b3b
In base 5, what is -421223 - 132334?
-1104112
In base 8, what is -72 - 74362?
-74454
In base 10, what is -5 + -3178604?
-3178609
In base 13, what is 10c1 - 4152?
-3061
In base 10, what is 69876 + 4882?
74758
In base 6, what is -1 + -504512334?
-504512335
In base 10, what is 0 + -72916?
-72916
In base 15, what is 1 + 2b9936e?
2b99370
In base 5, what is -111343213 + 21?
-111343142
In base 5, what is -34232 - -132314?
43032
In base 10, what is -792 + 44994?
44202
In base 12, what is 144386ba3 + -5?
144386b9a
In base 10, what is 31436 - 241?
31195
In base 9, what is -4 - 38022231?
-38022235
In base 5, what is -12 - 234423341?
-234423403
In base 2, what is -10110000 + 101111110011101011?
101111110000111011
In base 16, what is 2 + ad19a6d?
ad19a